{"id":627,"date":"2020-07-31T06:01:01","date_gmt":"2020-07-31T06:01:01","guid":{"rendered":"https:\/\/zakrademos.com\/one-page\/?page_id=627"},"modified":"2024-07-24T11:59:48","modified_gmt":"2024-07-24T11:59:48","slug":"home","status":"publish","type":"page","link":"https:\/\/baustatik-parchim.de\/","title":{"rendered":"Home"},"content":{"rendered":"<style>\/*! elementor - v3.12.2 - 23-04-2023 *\/<br \/>\n.elementor-heading-title{padding:0;margin:0;line-height:1}.elementor-widget-heading .elementor-heading-title[class*=elementor-size-]>a{color:inherit;font-size:inherit;line-height:inherit}.elementor-widget-heading .elementor-heading-title.elementor-size-small{font-size:15px}.elementor-widget-heading .elementor-heading-title.elementor-size-medium{font-size:19px}.elementor-widget-heading .elementor-heading-title.elementor-size-large{font-size:29px}.elementor-widget-heading .elementor-heading-title.elementor-size-xl{font-size:39px}.elementor-widget-heading .elementor-heading-title.elementor-size-xxl{font-size:59px}<\/style>\n<h2>Ingenieurb\u00fcro f\u00fcr Bauwesen<\/h2>\n<p>Mathias F\u00f6rster, Diplomingenieur, Beratender Ingenieur, Bauvorlageberechtigter Ingenieur<\/p>\n<style>\/*! elementor - v3.12.2 - 23-04-2023 *\/<br \/>\n.elementor-widget-image{text-align:center}.elementor-widget-image a{display:inline-block}.elementor-widget-image a img[src$=\".svg\"]{width:48px}.elementor-widget-image img{vertical-align:middle;display:inline-block}<\/style>\n<p><img loading=\"lazy\" decoding=\"async\" src=\"https:\/\/baustatik-parchim.de\/wp-content\/uploads\/2023\/05\/Mathias-300x300-1.png\" sizes=\"auto, (max-width: 300px) 100vw, 300px\" srcset=\"https:\/\/baustatik-parchim.de\/wp-content\/uploads\/2023\/05\/Mathias-300x300-1.png 300w, https:\/\/baustatik-parchim.de\/wp-content\/uploads\/2023\/05\/Mathias-300x300-1-150x150.png 150w\" alt=\"\" width=\"300\" height=\"300\" \/><\/p>\n<h2>&#8222;Wer gut plant, hat die Chance gut zu bauen. Wer nicht gut plant, hat diese Chance nicht.&#8220;<\/h2>\n<h2>\u00dcber mich<\/h2>\n<p>Hallo,\u00a0mein Name ist Mathias F\u00f6rster. Ich bin Diplom-Ingenieur f\u00fcr Bauwesen (FH) und seit 1991 in der Bauplanung als Tragwerksplaner t\u00e4tig. Seit 2003 betreibe ich mein eigenes Ingenieurb\u00fcro in Parchim.<\/p>\n<p>Ich habe bei der bautechnischen Planung,\u00a0 Pr\u00fcfung und \u00dcberwachung in konstruktiver Hinsicht bei \u00fcber 6.000 baulichen Anlagen mitgewirkt.<\/p>\n<p>Meine T\u00e4tigkeitsfelder<\/p>\n<p>Ich bin t\u00e4tig in den Bundesl\u00e4ndern Hamburg, Schleswig-Holstein, Mecklenburg-Vorpommern, Brandenburg, Niedersachsen, Sachsen-Anhalt und Berlin.<\/p>\n<style>\/*! elementor - v3.12.2 - 23-04-2023 *\/<br \/>\n.elementor-widget-image-box .elementor-image-box-content{width:100%}@media (min-width:768px){.elementor-widget-image-box.elementor-position-left .elementor-image-box-wrapper,.elementor-widget-image-box.elementor-position-right .elementor-image-box-wrapper{display:flex}.elementor-widget-image-box.elementor-position-right .elementor-image-box-wrapper{text-align:right;flex-direction:row-reverse}.elementor-widget-image-box.elementor-position-left .elementor-image-box-wrapper{text-align:left;flex-direction:row}.elementor-widget-image-box.elementor-position-top .elementor-image-box-img{margin:auto}.elementor-widget-image-box.elementor-vertical-align-top .elementor-image-box-wrapper{align-items:flex-start}.elementor-widget-image-box.elementor-vertical-align-middle .elementor-image-box-wrapper{align-items:center}.elementor-widget-image-box.elementor-vertical-align-bottom .elementor-image-box-wrapper{align-items:flex-end}}@media (max-width:767px){.elementor-widget-image-box .elementor-image-box-img{margin-left:auto!important;margin-right:auto!important;margin-bottom:15px}}.elementor-widget-image-box .elementor-image-box-img{display:inline-block}.elementor-widget-image-box .elementor-image-box-title a{color:inherit}.elementor-widget-image-box .elementor-image-box-wrapper{text-align:center}.elementor-widget-image-box .elementor-image-box-description{margin:0}<\/style>\n<figure><img loading=\"lazy\" decoding=\"async\" src=\"https:\/\/baustatik-parchim.de\/wp-content\/uploads\/2023\/05\/icons8-plan-64.png\" alt=\"\" width=\"64\" height=\"64\" \/><\/figure>\n<h3>Tragwerksplanung<\/h3>\n<p>Leistungsphasen 1 &#8211; 6<\/p>\n<figure><img loading=\"lazy\" decoding=\"async\" src=\"https:\/\/baustatik-parchim.de\/wp-content\/uploads\/2023\/05\/icons8-waage-66.png\" alt=\"\" width=\"66\" height=\"66\" \/><\/figure>\n<h3>W\u00e4rmeschutznachweise<\/h3>\n<p>F\u00fcr Wohngeb\u00e4ude gem\u00e4\u00df EnEV \/ GEG<\/p>\n<figure><img loading=\"lazy\" decoding=\"async\" src=\"https:\/\/baustatik-parchim.de\/wp-content\/uploads\/2023\/05\/icons8-kommunikation-50.png\" alt=\"\" width=\"50\" height=\"50\" \/><\/figure>\n<h3>Bautechnische Beratung<\/h3>\n<p>\u00dcber wirtschaftliche und sichere Bauausf\u00fchrung<\/p>\n<h2>Meine Philosophie<\/h2>\n<p>Sie erhalten alle Planungsleistungen, die Sie ben\u00f6tigen, wenn Sie bauen oder umbauen m\u00f6chten.<\/p>\n<p>Sicherheit steht f\u00fcr mich neben zufriedenen Bauherren, Termintreue und einem guten Preis-Leistungsverh\u00e4ltnis an oberster Stelle.<\/p>\n<p>Ich bilde mich regelm\u00e4\u00dfig weiter, um den sich \u00e4ndernden Anforderungen an die Planung und Ausf\u00fchrung im Bereich der Bauplanung und Baugenehmigung gerecht zu werden.<\/p>\n<p>Meine Soft- und Hardwareausstattung ist jederzeit auf dem neuesten Stand. So kann ich sehr gute und qualifizierte Leistungen anbieten.<\/p>\n<p><img loading=\"lazy\" decoding=\"async\" src=\"https:\/\/baustatik-parchim.de\/wp-content\/uploads\/2023\/05\/pexels-marco-ottaviano-7190383-819x1024.jpg\" sizes=\"auto, (max-width: 812px) 100vw, 812px\" srcset=\"https:\/\/baustatik-parchim.de\/wp-content\/uploads\/2023\/05\/pexels-marco-ottaviano-7190383-819x1024.jpg 819w, https:\/\/baustatik-parchim.de\/wp-content\/uploads\/2023\/05\/pexels-marco-ottaviano-7190383-240x300.jpg 240w, https:\/\/baustatik-parchim.de\/wp-content\/uploads\/2023\/05\/pexels-marco-ottaviano-7190383-768x960.jpg 768w, https:\/\/baustatik-parchim.de\/wp-content\/uploads\/2023\/05\/pexels-marco-ottaviano-7190383-1229x1536.jpg 1229w, https:\/\/baustatik-parchim.de\/wp-content\/uploads\/2023\/05\/pexels-marco-ottaviano-7190383-1638x2048.jpg 1638w, https:\/\/baustatik-parchim.de\/wp-content\/uploads\/2023\/05\/pexels-marco-ottaviano-7190383-scaled.jpg 2048w\" alt=\"\" width=\"812\" height=\"1015\" \/><\/p>\n","protected":false},"excerpt":{"rendered":"<p>Ingenieurb\u00fcro f\u00fcr Bauwesen Mathias F\u00f6rster, Diplomingenieur, Beratender Ingenieur, Bauvorlageberechtigter Ingenieur &#8222;Wer gut plant, hat die Chance gut zu bauen. Wer nicht gut plant, hat diese Chance nicht.&#8220; \u00dcber mich Hallo,\u00a0mein Name ist Mathias F\u00f6rster. Ich bin Diplom-Ingenieur f\u00fcr Bauwesen (FH) und seit 1991 in der Bauplanung als Tragwerksplaner t\u00e4tig. Seit 2003 betreibe ich mein eigenes [&hellip;]<\/p>\n","protected":false},"author":1,"featured_media":0,"parent":0,"menu_order":0,"comment_status":"closed","ping_status":"closed","template":"page-templates\/pagebuilder.php","meta":{"footnotes":""},"class_list":["post-627","page","type-page","status-publish","hentry"],"_links":{"self":[{"href":"https:\/\/baustatik-parchim.de\/index.php?rest_route=\/wp\/v2\/pages\/627","targetHints":{"allow":["GET"]}}],"collection":[{"href":"https:\/\/baustatik-parchim.de\/index.php?rest_route=\/wp\/v2\/pages"}],"about":[{"href":"https:\/\/baustatik-parchim.de\/index.php?rest_route=\/wp\/v2\/types\/page"}],"author":[{"embeddable":true,"href":"https:\/\/baustatik-parchim.de\/index.php?rest_route=\/wp\/v2\/users\/1"}],"replies":[{"embeddable":true,"href":"https:\/\/baustatik-parchim.de\/index.php?rest_route=%2Fwp%2Fv2%2Fcomments&post=627"}],"version-history":[{"count":27,"href":"https:\/\/baustatik-parchim.de\/index.php?rest_route=\/wp\/v2\/pages\/627\/revisions"}],"predecessor-version":[{"id":744,"href":"https:\/\/baustatik-parchim.de\/index.php?rest_route=\/wp\/v2\/pages\/627\/revisions\/744"}],"wp:attachment":[{"href":"https:\/\/baustatik-parchim.de\/index.php?rest_route=%2Fwp%2Fv2%2Fmedia&parent=627"}],"curies":[{"name":"wp","href":"https:\/\/api.w.org\/{rel}","templated":true}]}}